{"id":14405,"date":"2026-09-02T12:50:17","date_gmt":"2026-09-02T10:50:17","guid":{"rendered":"https:\/\/www.rain.it\/news-impianti-di-irrigazione\/bricoday-2026-rain-torna-a-fiera-milano-per-incontrare-il-mondo-del-retail\/"},"modified":"2026-09-02T13:09:51","modified_gmt":"2026-09-02T11:09:51","slug":"bricoday-2026-rain-revient-a-fiera-milano-pour-rencontrer-le-monde-du-retail","status":"publish","type":"magazine","link":"https:\/\/www.rain.it\/fr\/magazine\/bricoday-2026-rain-revient-a-fiera-milano-pour-rencontrer-le-monde-du-retail\/","title":{"rendered":"Bricoday 2026 : Rain revient \u00e0 Fiera Milano pour rencontrer le monde du retail"},"content":{"rendered":"","protected":false},"excerpt":{"rendered":"<p>Rain vous donne rendez-vous \u00e0 Bricoday 2026 les 23 et 24 septembre \u00e0 Fiera Milano Rho. Venez nous rencontrer au Hall 8, Stand G14, et d\u00e9couvrez les derni\u00e8res nouveaut\u00e9s pour le march\u00e9 du jardin et l&rsquo;irrigation r\u00e9sidentielle.<\/p>\n","protected":false},"featured_media":14390,"template":"","tagmagazine":[],"catmagazine":[550],"acf":[],"yoast_head":"<!-- This site is optimized with the Yoast SEO plugin v20.10 - https:\/\/yoast.com\/wordpress\/plugins\/seo\/ -->\n<title>Bricoday 2026 : Rain revient \u00e0 Fiera Milano pour rencontrer le monde du retail | Rain<\/title>\n<meta name=\"description\" content=\"Rain vous donne rendez-vous \u00e0 Bricoday 2026 les 23 et 24 septembre \u00e0 Fiera Milano Rho. Venez nous rencontrer au Hall 8, Stand G14, et d\u00e9couvrez les derni\u00e8res nouveaut\u00e9s pour le march\u00e9 du jardin et l&#039;irrigation r\u00e9sidentielle.\" \/>\n<meta name=\"robots\" content=\"index, follow, max-snippet:-1, max-image-preview:large, max-video-preview:-1\" \/>\n<link rel=\"canonical\" href=\"https:\/\/www.rain.it\/fr\/magazine\/bricoday-2026-rain-revient-a-fiera-milano-pour-rencontrer-le-monde-du-retail\/\" \/>\n<meta property=\"og:locale\" content=\"fr_FR\" \/>\n<meta property=\"og:type\" content=\"article\" \/>\n<meta property=\"og:title\" content=\"Bricoday 2026 : Rain revient \u00e0 Fiera Milano pour rencontrer le monde du retail | Rain\" \/>\n<meta property=\"og:description\" content=\"Rain vous donne rendez-vous \u00e0 Bricoday 2026 les 23 et 24 septembre \u00e0 Fiera Milano Rho. Venez nous rencontrer au Hall 8, Stand G14, et d\u00e9couvrez les derni\u00e8res nouveaut\u00e9s pour le march\u00e9 du jardin et l&#039;irrigation r\u00e9sidentielle.\" \/>\n<meta property=\"og:url\" content=\"https:\/\/www.rain.it\/fr\/magazine\/bricoday-2026-rain-revient-a-fiera-milano-pour-rencontrer-le-monde-du-retail\/\" \/>\n<meta property=\"og:site_name\" content=\"Rain\" \/>\n<meta property=\"article:modified_time\" content=\"2026-09-02T11:09:51+00:00\" \/>\n<meta property=\"og:image\" content=\"https:\/\/www.rain.it\/wp-content\/uploads\/firma-2026-_BRICODAY.jpg\" \/>\n\t<meta property=\"og:image:width\" content=\"1029\" \/>\n\t<meta property=\"og:image:height\" content=\"160\" \/>\n\t<meta property=\"og:image:type\" content=\"image\/jpeg\" \/>\n<meta name=\"twitter:card\" content=\"summary_large_image\" \/>\n<script type=\"application\/ld+json\" class=\"yoast-schema-graph\">{\"@context\":\"https:\/\/schema.org\",\"@graph\":[{\"@type\":\"WebPage\",\"@id\":\"https:\/\/www.rain.it\/fr\/magazine\/bricoday-2026-rain-revient-a-fiera-milano-pour-rencontrer-le-monde-du-retail\/\",\"url\":\"https:\/\/www.rain.it\/fr\/magazine\/bricoday-2026-rain-revient-a-fiera-milano-pour-rencontrer-le-monde-du-retail\/\",\"name\":\"Bricoday 2026 : Rain revient \u00e0 Fiera Milano pour rencontrer le monde du retail | Rain\",\"isPartOf\":{\"@id\":\"https:\/\/www.rain.it\/fr\/#website\"},\"datePublished\":\"2026-09-02T10:50:17+00:00\",\"dateModified\":\"2026-09-02T11:09:51+00:00\",\"description\":\"Rain vous donne rendez-vous \u00e0 Bricoday 2026 les 23 et 24 septembre \u00e0 Fiera Milano Rho. Venez nous rencontrer au Hall 8, Stand G14, et d\u00e9couvrez les derni\u00e8res nouveaut\u00e9s pour le march\u00e9 du jardin et l'irrigation r\u00e9sidentielle.\",\"breadcrumb\":{\"@id\":\"https:\/\/www.rain.it\/fr\/magazine\/bricoday-2026-rain-revient-a-fiera-milano-pour-rencontrer-le-monde-du-retail\/#breadcrumb\"},\"inLanguage\":\"fr-FR\",\"potentialAction\":[{\"@type\":\"ReadAction\",\"target\":[\"https:\/\/www.rain.it\/fr\/magazine\/bricoday-2026-rain-revient-a-fiera-milano-pour-rencontrer-le-monde-du-retail\/\"]}]},{\"@type\":\"BreadcrumbList\",\"@id\":\"https:\/\/www.rain.it\/fr\/magazine\/bricoday-2026-rain-revient-a-fiera-milano-pour-rencontrer-le-monde-du-retail\/#breadcrumb\",\"itemListElement\":[{\"@type\":\"ListItem\",\"position\":1,\"name\":\"Home\",\"item\":\"https:\/\/www.rain.it\/fr\/\"},{\"@type\":\"ListItem\",\"position\":2,\"name\":\"News\",\"item\":\"https:\/\/www.rain.it\/fr\/magazine\/\"},{\"@type\":\"ListItem\",\"position\":3,\"name\":\"Bricoday 2026 : Rain revient \u00e0 Fiera Milano pour rencontrer le monde du retail\"}]},{\"@type\":\"WebSite\",\"@id\":\"https:\/\/www.rain.it\/fr\/#website\",\"url\":\"https:\/\/www.rain.it\/fr\/\",\"name\":\"Rain\",\"description\":\"\",\"potentialAction\":[{\"@type\":\"SearchAction\",\"target\":{\"@type\":\"EntryPoint\",\"urlTemplate\":\"https:\/\/www.rain.it\/fr\/?s={search_term_string}\"},\"query-input\":\"required name=search_term_string\"}],\"inLanguage\":\"fr-FR\"}]}<\/script>\n<!-- \/ Yoast SEO plugin. -->","yoast_head_json":{"title":"Bricoday 2026 : Rain revient \u00e0 Fiera Milano pour rencontrer le monde du retail | Rain","description":"Rain vous donne rendez-vous \u00e0 Bricoday 2026 les 23 et 24 septembre \u00e0 Fiera Milano Rho. Venez nous rencontrer au Hall 8, Stand G14, et d\u00e9couvrez les derni\u00e8res nouveaut\u00e9s pour le march\u00e9 du jardin et l'irrigation r\u00e9sidentielle.","robots":{"index":"index","follow":"follow","max-snippet":"max-snippet:-1","max-image-preview":"max-image-preview:large","max-video-preview":"max-video-preview:-1"},"canonical":"https:\/\/www.rain.it\/fr\/magazine\/bricoday-2026-rain-revient-a-fiera-milano-pour-rencontrer-le-monde-du-retail\/","og_locale":"fr_FR","og_type":"article","og_title":"Bricoday 2026 : Rain revient \u00e0 Fiera Milano pour rencontrer le monde du retail | Rain","og_description":"Rain vous donne rendez-vous \u00e0 Bricoday 2026 les 23 et 24 septembre \u00e0 Fiera Milano Rho. Venez nous rencontrer au Hall 8, Stand G14, et d\u00e9couvrez les derni\u00e8res nouveaut\u00e9s pour le march\u00e9 du jardin et l'irrigation r\u00e9sidentielle.","og_url":"https:\/\/www.rain.it\/fr\/magazine\/bricoday-2026-rain-revient-a-fiera-milano-pour-rencontrer-le-monde-du-retail\/","og_site_name":"Rain","article_modified_time":"2026-09-02T11:09:51+00:00","og_image":[{"width":1029,"height":160,"url":"https:\/\/www.rain.it\/wp-content\/uploads\/firma-2026-_BRICODAY.jpg","type":"image\/jpeg"}],"twitter_card":"summary_large_image","schema":{"@context":"https:\/\/schema.org","@graph":[{"@type":"WebPage","@id":"https:\/\/www.rain.it\/fr\/magazine\/bricoday-2026-rain-revient-a-fiera-milano-pour-rencontrer-le-monde-du-retail\/","url":"https:\/\/www.rain.it\/fr\/magazine\/bricoday-2026-rain-revient-a-fiera-milano-pour-rencontrer-le-monde-du-retail\/","name":"Bricoday 2026 : Rain revient \u00e0 Fiera Milano pour rencontrer le monde du retail | Rain","isPartOf":{"@id":"https:\/\/www.rain.it\/fr\/#website"},"datePublished":"2026-09-02T10:50:17+00:00","dateModified":"2026-09-02T11:09:51+00:00","description":"Rain vous donne rendez-vous \u00e0 Bricoday 2026 les 23 et 24 septembre \u00e0 Fiera Milano Rho. Venez nous rencontrer au Hall 8, Stand G14, et d\u00e9couvrez les derni\u00e8res nouveaut\u00e9s pour le march\u00e9 du jardin et l'irrigation r\u00e9sidentielle.","breadcrumb":{"@id":"https:\/\/www.rain.it\/fr\/magazine\/bricoday-2026-rain-revient-a-fiera-milano-pour-rencontrer-le-monde-du-retail\/#breadcrumb"},"inLanguage":"fr-FR","potentialAction":[{"@type":"ReadAction","target":["https:\/\/www.rain.it\/fr\/magazine\/bricoday-2026-rain-revient-a-fiera-milano-pour-rencontrer-le-monde-du-retail\/"]}]},{"@type":"BreadcrumbList","@id":"https:\/\/www.rain.it\/fr\/magazine\/bricoday-2026-rain-revient-a-fiera-milano-pour-rencontrer-le-monde-du-retail\/#breadcrumb","itemListElement":[{"@type":"ListItem","position":1,"name":"Home","item":"https:\/\/www.rain.it\/fr\/"},{"@type":"ListItem","position":2,"name":"News","item":"https:\/\/www.rain.it\/fr\/magazine\/"},{"@type":"ListItem","position":3,"name":"Bricoday 2026 : Rain revient \u00e0 Fiera Milano pour rencontrer le monde du retail"}]},{"@type":"WebSite","@id":"https:\/\/www.rain.it\/fr\/#website","url":"https:\/\/www.rain.it\/fr\/","name":"Rain","description":"","potentialAction":[{"@type":"SearchAction","target":{"@type":"EntryPoint","urlTemplate":"https:\/\/www.rain.it\/fr\/?s={search_term_string}"},"query-input":"required name=search_term_string"}],"inLanguage":"fr-FR"}]}},"_links":{"self":[{"href":"https:\/\/www.rain.it\/fr\/wp-json\/wp\/v2\/magazine\/14405"}],"collection":[{"href":"https:\/\/www.rain.it\/fr\/wp-json\/wp\/v2\/magazine"}],"about":[{"href":"https:\/\/www.rain.it\/fr\/wp-json\/wp\/v2\/types\/magazine"}],"wp:featuredmedia":[{"embeddable":true,"href":"https:\/\/www.rain.it\/fr\/wp-json\/wp\/v2\/media\/14390"}],"wp:attachment":[{"href":"https:\/\/www.rain.it\/fr\/wp-json\/wp\/v2\/media?parent=14405"}],"wp:term":[{"taxonomy":"tagmagazine","embeddable":true,"href":"https:\/\/www.rain.it\/fr\/wp-json\/wp\/v2\/tagmagazine?post=14405"},{"taxonomy":"catmagazine","embeddable":true,"href":"https:\/\/www.rain.it\/fr\/wp-json\/wp\/v2\/catmagazine?post=14405"}],"curies":[{"name":"wp","href":"https:\/\/api.w.org\/{rel}","templated":true}]}}

Bricoday 2026 : Rain revient à Fiera Milano pour rencontrer le monde du retail

<p>Rain vous donne rendez-vous à Bricoday 2026 les 23 et 24 septembre à Fiera Milano Rho. Venez nous rencontrer au Hall 8, Stand G14, et découvrez les dernières nouveautés pour le marché du jardin et l&rsquo;irrigation résidentielle.</p>

<!-- This site is optimized with the Yoast SEO plugin v20.10 - https://yoast.com/wordpress/plugins/seo/ -->
<title>Bricoday 2026 : Rain revient à Fiera Milano pour rencontrer le monde du retail | Rain</title>
<meta name="description" content="Rain vous donne rendez-vous à Bricoday 2026 les 23 et 24 septembre à Fiera Milano Rho. Venez nous rencontrer au Hall 8, Stand G14, et découvrez les dernières nouveautés pour le marché du jardin et l&#039;irrigation résidentielle." />
<meta name="robots" content="index, follow, max-snippet:-1, max-image-preview:large, max-video-preview:-1" />
<link rel="canonical" href="https://www.rain.it/fr/magazine/bricoday-2026-rain-revient-a-fiera-milano-pour-rencontrer-le-monde-du-retail/" />
<meta property="og:locale" content="fr_FR" />
<meta property="og:type" content="article" />
<meta property="og:title" content="Bricoday 2026 : Rain revient à Fiera Milano pour rencontrer le monde du retail | Rain" />
<meta property="og:description" content="Rain vous donne rendez-vous à Bricoday 2026 les 23 et 24 septembre à Fiera Milano Rho. Venez nous rencontrer au Hall 8, Stand G14, et découvrez les dernières nouveautés pour le marché du jardin et l&#039;irrigation résidentielle." />
<meta property="og:url" content="https://www.rain.it/fr/magazine/bricoday-2026-rain-revient-a-fiera-milano-pour-rencontrer-le-monde-du-retail/" />
<meta property="og:site_name" content="Rain" />
<meta property="article:modified_time" content="2026-09-02T11:09:51+00:00" />
<meta property="og:image" content="https://www.rain.it/wp-content/uploads/firma-2026-_BRICODAY.jpg" />
	<meta property="og:image:width" content="1029" />
	<meta property="og:image:height" content="160" />
	<meta property="og:image:type" content="image/jpeg" />
<meta name="twitter:card" content="summary_large_image" />
<script type="application/ld+json" class="yoast-schema-graph">{"@context":"https://schema.org","@graph":[{"@type":"WebPage","@id":"https://www.rain.it/fr/magazine/bricoday-2026-rain-revient-a-fiera-milano-pour-rencontrer-le-monde-du-retail/","url":"https://www.rain.it/fr/magazine/bricoday-2026-rain-revient-a-fiera-milano-pour-rencontrer-le-monde-du-retail/","name":"Bricoday 2026 : Rain revient à Fiera Milano pour rencontrer le monde du retail | Rain","isPartOf":{"@id":"https://www.rain.it/fr/#website"},"datePublished":"2026-09-02T10:50:17+00:00","dateModified":"2026-09-02T11:09:51+00:00","description":"Rain vous donne rendez-vous à Bricoday 2026 les 23 et 24 septembre à Fiera Milano Rho. Venez nous rencontrer au Hall 8, Stand G14, et découvrez les dernières nouveautés pour le marché du jardin et l'irrigation résidentielle.","breadcrumb":{"@id":"https://www.rain.it/fr/magazine/bricoday-2026-rain-revient-a-fiera-milano-pour-rencontrer-le-monde-du-retail/#breadcrumb"},"inLanguage":"fr-FR","potentialAction":[{"@type":"ReadAction","target":["https://www.rain.it/fr/magazine/bricoday-2026-rain-revient-a-fiera-milano-pour-rencontrer-le-monde-du-retail/"]}]},{"@type":"BreadcrumbList","@id":"https://www.rain.it/fr/magazine/bricoday-2026-rain-revient-a-fiera-milano-pour-rencontrer-le-monde-du-retail/#breadcrumb","itemListElement":[{"@type":"ListItem","position":1,"name":"Home","item":"https://www.rain.it/fr/"},{"@type":"ListItem","position":2,"name":"News","item":"https://www.rain.it/fr/magazine/"},{"@type":"ListItem","position":3,"name":"Bricoday 2026 : Rain revient à Fiera Milano pour rencontrer le monde du retail"}]},{"@type":"WebSite","@id":"https://www.rain.it/fr/#website","url":"https://www.rain.it/fr/","name":"Rain","description":"","potentialAction":[{"@type":"SearchAction","target":{"@type":"EntryPoint","urlTemplate":"https://www.rain.it/fr/?s={search_term_string}"},"query-input":"required name=search_term_string"}],"inLanguage":"fr-FR"}]}</script>
<!-- / Yoast SEO plugin. -->

Bricoday 2026 : Rain revient à Fiera Milano pour rencontrer le monde du retail | Rain

Rain vous donne rendez-vous à Bricoday 2026 les 23 et 24 septembre à Fiera Milano Rho. Venez nous rencontrer au Hall 8, Stand G14, et découvrez les dernières nouveautés pour le marché du jardin et l'irrigation résidentielle.
