{"id":14399,"date":"2026-09-02T12:50:17","date_gmt":"2026-09-02T10:50:17","guid":{"rendered":"https:\/\/www.rain.it\/news-impianti-di-irrigazione\/bricoday-2026-rain-torna-a-fiera-milano-per-incontrare-il-mondo-del-retail\/"},"modified":"2026-09-02T13:00:45","modified_gmt":"2026-09-02T11:00:45","slug":"bricoday-2026-rain-vuelve-a-fiera-milano-para-encontrarse-con-el-mundo-del-retail","status":"publish","type":"magazine","link":"https:\/\/www.rain.it\/es\/magazine\/bricoday-2026-rain-vuelve-a-fiera-milano-para-encontrarse-con-el-mundo-del-retail\/","title":{"rendered":"Bricoday 2026: Rain vuelve a Fiera Milano para encontrarse con el mundo del retail"},"content":{"rendered":"","protected":false},"excerpt":{"rendered":"<p>Rain te espera en Bricoday 2026 los d\u00edas 23 y 24 de septiembre en Fiera Milano Rho. Vis\u00edtanos en el Pabell\u00f3n 8, Stand G14, y descubre las \u00faltimas novedades para el mercado garden y el riego residencial.<\/p>\n","protected":false},"featured_media":14392,"template":"","tagmagazine":[],"catmagazine":[547],"acf":[],"yoast_head":"<!-- This site is optimized with the Yoast SEO plugin v20.10 - https:\/\/yoast.com\/wordpress\/plugins\/seo\/ -->\n<title>Bricoday 2026: Rain vuelve a Fiera Milano para encontrarse con el mundo del retail | Rain<\/title>\n<meta name=\"description\" content=\"Rain te espera en Bricoday 2026 los d\u00edas 23 y 24 de septiembre en Fiera Milano Rho. Vis\u00edtanos en el Pabell\u00f3n 8, Stand G14, y descubre las \u00faltimas novedades para el mercado garden y el riego residencial.\" \/>\n<meta name=\"robots\" content=\"index, follow, max-snippet:-1, max-image-preview:large, max-video-preview:-1\" \/>\n<link rel=\"canonical\" href=\"https:\/\/www.rain.it\/es\/magazine\/bricoday-2026-rain-vuelve-a-fiera-milano-para-encontrarse-con-el-mundo-del-retail\/\" \/>\n<meta property=\"og:locale\" content=\"es_ES\" \/>\n<meta property=\"og:type\" content=\"article\" \/>\n<meta property=\"og:title\" content=\"Bricoday 2026: Rain vuelve a Fiera Milano para encontrarse con el mundo del retail | Rain\" \/>\n<meta property=\"og:description\" content=\"Rain te espera en Bricoday 2026 los d\u00edas 23 y 24 de septiembre en Fiera Milano Rho. Vis\u00edtanos en el Pabell\u00f3n 8, Stand G14, y descubre las \u00faltimas novedades para el mercado garden y el riego residencial.\" \/>\n<meta property=\"og:url\" content=\"https:\/\/www.rain.it\/es\/magazine\/bricoday-2026-rain-vuelve-a-fiera-milano-para-encontrarse-con-el-mundo-del-retail\/\" \/>\n<meta property=\"og:site_name\" content=\"Rain\" \/>\n<meta property=\"article:modified_time\" content=\"2026-09-02T11:00:45+00:00\" \/>\n<meta property=\"og:image\" content=\"https:\/\/www.rain.it\/wp-content\/uploads\/firma-2026-_BRICODAY.jpg\" \/>\n\t<meta property=\"og:image:width\" content=\"1029\" \/>\n\t<meta property=\"og:image:height\" content=\"160\" \/>\n\t<meta property=\"og:image:type\" content=\"image\/jpeg\" \/>\n<meta name=\"twitter:card\" content=\"summary_large_image\" \/>\n<script type=\"application\/ld+json\" class=\"yoast-schema-graph\">{\"@context\":\"https:\/\/schema.org\",\"@graph\":[{\"@type\":\"WebPage\",\"@id\":\"https:\/\/www.rain.it\/es\/magazine\/bricoday-2026-rain-vuelve-a-fiera-milano-para-encontrarse-con-el-mundo-del-retail\/\",\"url\":\"https:\/\/www.rain.it\/es\/magazine\/bricoday-2026-rain-vuelve-a-fiera-milano-para-encontrarse-con-el-mundo-del-retail\/\",\"name\":\"Bricoday 2026: Rain vuelve a Fiera Milano para encontrarse con el mundo del retail | Rain\",\"isPartOf\":{\"@id\":\"https:\/\/www.rain.it\/es\/#website\"},\"datePublished\":\"2026-09-02T10:50:17+00:00\",\"dateModified\":\"2026-09-02T11:00:45+00:00\",\"description\":\"Rain te espera en Bricoday 2026 los d\u00edas 23 y 24 de septiembre en Fiera Milano Rho. Vis\u00edtanos en el Pabell\u00f3n 8, Stand G14, y descubre las \u00faltimas novedades para el mercado garden y el riego residencial.\",\"breadcrumb\":{\"@id\":\"https:\/\/www.rain.it\/es\/magazine\/bricoday-2026-rain-vuelve-a-fiera-milano-para-encontrarse-con-el-mundo-del-retail\/#breadcrumb\"},\"inLanguage\":\"es\",\"potentialAction\":[{\"@type\":\"ReadAction\",\"target\":[\"https:\/\/www.rain.it\/es\/magazine\/bricoday-2026-rain-vuelve-a-fiera-milano-para-encontrarse-con-el-mundo-del-retail\/\"]}]},{\"@type\":\"BreadcrumbList\",\"@id\":\"https:\/\/www.rain.it\/es\/magazine\/bricoday-2026-rain-vuelve-a-fiera-milano-para-encontrarse-con-el-mundo-del-retail\/#breadcrumb\",\"itemListElement\":[{\"@type\":\"ListItem\",\"position\":1,\"name\":\"Home\",\"item\":\"https:\/\/www.rain.it\/es\/\"},{\"@type\":\"ListItem\",\"position\":2,\"name\":\"News\",\"item\":\"https:\/\/www.rain.it\/es\/magazine\/\"},{\"@type\":\"ListItem\",\"position\":3,\"name\":\"Bricoday 2026: Rain vuelve a Fiera Milano para encontrarse con el mundo del retail\"}]},{\"@type\":\"WebSite\",\"@id\":\"https:\/\/www.rain.it\/es\/#website\",\"url\":\"https:\/\/www.rain.it\/es\/\",\"name\":\"Rain\",\"description\":\"\",\"potentialAction\":[{\"@type\":\"SearchAction\",\"target\":{\"@type\":\"EntryPoint\",\"urlTemplate\":\"https:\/\/www.rain.it\/es\/?s={search_term_string}\"},\"query-input\":\"required name=search_term_string\"}],\"inLanguage\":\"es\"}]}<\/script>\n<!-- \/ Yoast SEO plugin. -->","yoast_head_json":{"title":"Bricoday 2026: Rain vuelve a Fiera Milano para encontrarse con el mundo del retail | Rain","description":"Rain te espera en Bricoday 2026 los d\u00edas 23 y 24 de septiembre en Fiera Milano Rho. Vis\u00edtanos en el Pabell\u00f3n 8, Stand G14, y descubre las \u00faltimas novedades para el mercado garden y el riego residencial.","robots":{"index":"index","follow":"follow","max-snippet":"max-snippet:-1","max-image-preview":"max-image-preview:large","max-video-preview":"max-video-preview:-1"},"canonical":"https:\/\/www.rain.it\/es\/magazine\/bricoday-2026-rain-vuelve-a-fiera-milano-para-encontrarse-con-el-mundo-del-retail\/","og_locale":"es_ES","og_type":"article","og_title":"Bricoday 2026: Rain vuelve a Fiera Milano para encontrarse con el mundo del retail | Rain","og_description":"Rain te espera en Bricoday 2026 los d\u00edas 23 y 24 de septiembre en Fiera Milano Rho. Vis\u00edtanos en el Pabell\u00f3n 8, Stand G14, y descubre las \u00faltimas novedades para el mercado garden y el riego residencial.","og_url":"https:\/\/www.rain.it\/es\/magazine\/bricoday-2026-rain-vuelve-a-fiera-milano-para-encontrarse-con-el-mundo-del-retail\/","og_site_name":"Rain","article_modified_time":"2026-09-02T11:00:45+00:00","og_image":[{"width":1029,"height":160,"url":"https:\/\/www.rain.it\/wp-content\/uploads\/firma-2026-_BRICODAY.jpg","type":"image\/jpeg"}],"twitter_card":"summary_large_image","schema":{"@context":"https:\/\/schema.org","@graph":[{"@type":"WebPage","@id":"https:\/\/www.rain.it\/es\/magazine\/bricoday-2026-rain-vuelve-a-fiera-milano-para-encontrarse-con-el-mundo-del-retail\/","url":"https:\/\/www.rain.it\/es\/magazine\/bricoday-2026-rain-vuelve-a-fiera-milano-para-encontrarse-con-el-mundo-del-retail\/","name":"Bricoday 2026: Rain vuelve a Fiera Milano para encontrarse con el mundo del retail | Rain","isPartOf":{"@id":"https:\/\/www.rain.it\/es\/#website"},"datePublished":"2026-09-02T10:50:17+00:00","dateModified":"2026-09-02T11:00:45+00:00","description":"Rain te espera en Bricoday 2026 los d\u00edas 23 y 24 de septiembre en Fiera Milano Rho. Vis\u00edtanos en el Pabell\u00f3n 8, Stand G14, y descubre las \u00faltimas novedades para el mercado garden y el riego residencial.","breadcrumb":{"@id":"https:\/\/www.rain.it\/es\/magazine\/bricoday-2026-rain-vuelve-a-fiera-milano-para-encontrarse-con-el-mundo-del-retail\/#breadcrumb"},"inLanguage":"es","potentialAction":[{"@type":"ReadAction","target":["https:\/\/www.rain.it\/es\/magazine\/bricoday-2026-rain-vuelve-a-fiera-milano-para-encontrarse-con-el-mundo-del-retail\/"]}]},{"@type":"BreadcrumbList","@id":"https:\/\/www.rain.it\/es\/magazine\/bricoday-2026-rain-vuelve-a-fiera-milano-para-encontrarse-con-el-mundo-del-retail\/#breadcrumb","itemListElement":[{"@type":"ListItem","position":1,"name":"Home","item":"https:\/\/www.rain.it\/es\/"},{"@type":"ListItem","position":2,"name":"News","item":"https:\/\/www.rain.it\/es\/magazine\/"},{"@type":"ListItem","position":3,"name":"Bricoday 2026: Rain vuelve a Fiera Milano para encontrarse con el mundo del retail"}]},{"@type":"WebSite","@id":"https:\/\/www.rain.it\/es\/#website","url":"https:\/\/www.rain.it\/es\/","name":"Rain","description":"","potentialAction":[{"@type":"SearchAction","target":{"@type":"EntryPoint","urlTemplate":"https:\/\/www.rain.it\/es\/?s={search_term_string}"},"query-input":"required name=search_term_string"}],"inLanguage":"es"}]}},"_links":{"self":[{"href":"https:\/\/www.rain.it\/es\/wp-json\/wp\/v2\/magazine\/14399"}],"collection":[{"href":"https:\/\/www.rain.it\/es\/wp-json\/wp\/v2\/magazine"}],"about":[{"href":"https:\/\/www.rain.it\/es\/wp-json\/wp\/v2\/types\/magazine"}],"wp:featuredmedia":[{"embeddable":true,"href":"https:\/\/www.rain.it\/es\/wp-json\/wp\/v2\/media\/14392"}],"wp:attachment":[{"href":"https:\/\/www.rain.it\/es\/wp-json\/wp\/v2\/media?parent=14399"}],"wp:term":[{"taxonomy":"tagmagazine","embeddable":true,"href":"https:\/\/www.rain.it\/es\/wp-json\/wp\/v2\/tagmagazine?post=14399"},{"taxonomy":"catmagazine","embeddable":true,"href":"https:\/\/www.rain.it\/es\/wp-json\/wp\/v2\/catmagazine?post=14399"}],"curies":[{"name":"wp","href":"https:\/\/api.w.org\/{rel}","templated":true}]}}

<p>Rain te espera en Bricoday 2026 los días 23 y 24 de septiembre en Fiera Milano Rho. Visítanos en el Pabellón 8, Stand G14, y descubre las últimas novedades para el mercado garden y el riego residencial.</p>

<!-- This site is optimized with the Yoast SEO plugin v20.10 - https://yoast.com/wordpress/plugins/seo/ -->
<title>Bricoday 2026: Rain vuelve a Fiera Milano para encontrarse con el mundo del retail | Rain</title>
<meta name="description" content="Rain te espera en Bricoday 2026 los días 23 y 24 de septiembre en Fiera Milano Rho. Visítanos en el Pabellón 8, Stand G14, y descubre las últimas novedades para el mercado garden y el riego residencial." />
<meta name="robots" content="index, follow, max-snippet:-1, max-image-preview:large, max-video-preview:-1" />
<link rel="canonical" href="https://www.rain.it/es/magazine/bricoday-2026-rain-vuelve-a-fiera-milano-para-encontrarse-con-el-mundo-del-retail/" />
<meta property="og:locale" content="es_ES" />
<meta property="og:type" content="article" />
<meta property="og:title" content="Bricoday 2026: Rain vuelve a Fiera Milano para encontrarse con el mundo del retail | Rain" />
<meta property="og:description" content="Rain te espera en Bricoday 2026 los días 23 y 24 de septiembre en Fiera Milano Rho. Visítanos en el Pabellón 8, Stand G14, y descubre las últimas novedades para el mercado garden y el riego residencial." />
<meta property="og:url" content="https://www.rain.it/es/magazine/bricoday-2026-rain-vuelve-a-fiera-milano-para-encontrarse-con-el-mundo-del-retail/" />
<meta property="og:site_name" content="Rain" />
<meta property="article:modified_time" content="2026-09-02T11:00:45+00:00" />
<meta property="og:image" content="https://www.rain.it/wp-content/uploads/firma-2026-_BRICODAY.jpg" />
	<meta property="og:image:width" content="1029" />
	<meta property="og:image:height" content="160" />
	<meta property="og:image:type" content="image/jpeg" />
<meta name="twitter:card" content="summary_large_image" />
<script type="application/ld+json" class="yoast-schema-graph">{"@context":"https://schema.org","@graph":[{"@type":"WebPage","@id":"https://www.rain.it/es/magazine/bricoday-2026-rain-vuelve-a-fiera-milano-para-encontrarse-con-el-mundo-del-retail/","url":"https://www.rain.it/es/magazine/bricoday-2026-rain-vuelve-a-fiera-milano-para-encontrarse-con-el-mundo-del-retail/","name":"Bricoday 2026: Rain vuelve a Fiera Milano para encontrarse con el mundo del retail | Rain","isPartOf":{"@id":"https://www.rain.it/es/#website"},"datePublished":"2026-09-02T10:50:17+00:00","dateModified":"2026-09-02T11:00:45+00:00","description":"Rain te espera en Bricoday 2026 los días 23 y 24 de septiembre en Fiera Milano Rho. Visítanos en el Pabellón 8, Stand G14, y descubre las últimas novedades para el mercado garden y el riego residencial.","breadcrumb":{"@id":"https://www.rain.it/es/magazine/bricoday-2026-rain-vuelve-a-fiera-milano-para-encontrarse-con-el-mundo-del-retail/#breadcrumb"},"inLanguage":"es","potentialAction":[{"@type":"ReadAction","target":["https://www.rain.it/es/magazine/bricoday-2026-rain-vuelve-a-fiera-milano-para-encontrarse-con-el-mundo-del-retail/"]}]},{"@type":"BreadcrumbList","@id":"https://www.rain.it/es/magazine/bricoday-2026-rain-vuelve-a-fiera-milano-para-encontrarse-con-el-mundo-del-retail/#breadcrumb","itemListElement":[{"@type":"ListItem","position":1,"name":"Home","item":"https://www.rain.it/es/"},{"@type":"ListItem","position":2,"name":"News","item":"https://www.rain.it/es/magazine/"},{"@type":"ListItem","position":3,"name":"Bricoday 2026: Rain vuelve a Fiera Milano para encontrarse con el mundo del retail"}]},{"@type":"WebSite","@id":"https://www.rain.it/es/#website","url":"https://www.rain.it/es/","name":"Rain","description":"","potentialAction":[{"@type":"SearchAction","target":{"@type":"EntryPoint","urlTemplate":"https://www.rain.it/es/?s={search_term_string}"},"query-input":"required name=search_term_string"}],"inLanguage":"es"}]}</script>
<!-- / Yoast SEO plugin. -->

Rain te espera en Bricoday 2026 los días 23 y 24 de septiembre en Fiera Milano Rho. Visítanos en el Pabellón 8, Stand G14, y descubre las últimas novedades para el mercado garden y el riego residencial.
