{"id":14402,"date":"2026-09-02T12:50:17","date_gmt":"2026-09-02T10:50:17","guid":{"rendered":"https:\/\/www.rain.it\/news-impianti-di-irrigazione\/bricoday-2026-rain-torna-a-fiera-milano-per-incontrare-il-mondo-del-retail\/"},"modified":"2026-09-02T13:06:05","modified_gmt":"2026-09-02T11:06:05","slug":"bricoday-2026-rain-kehrt-zur-fiera-milano-zurueck-um-die-welt-des-einzelhandels-zu-treffen","status":"publish","type":"magazine","link":"https:\/\/www.rain.it\/de\/magazine\/bricoday-2026-rain-kehrt-zur-fiera-milano-zurueck-um-die-welt-des-einzelhandels-zu-treffen\/","title":{"rendered":"Bricoday 2026: Rain kehrt zur Fiera Milano zur\u00fcck, um die Welt des Einzelhandels zu treffen"},"content":{"rendered":"","protected":false},"excerpt":{"rendered":"<p>Rain erwartet Sie auf der Bricoday 2026 am 23. und 24. September in der Fiera Milano Rho. Besuchen Sie uns in Halle 8, Stand G14, und entdecken Sie die neuesten L\u00f6sungen f\u00fcr den Gartenmarkt und die private Bew\u00e4sserung.<\/p>\n","protected":false},"featured_media":14391,"template":"","tagmagazine":[],"catmagazine":[668],"acf":[],"yoast_head":"<!-- This site is optimized with the Yoast SEO plugin v20.10 - https:\/\/yoast.com\/wordpress\/plugins\/seo\/ -->\n<title>Bricoday 2026: Rain kehrt zur Fiera Milano zur\u00fcck, um die Welt des Einzelhandels zu treffen | Rain<\/title>\n<meta name=\"description\" content=\"Rain erwartet Sie auf der Bricoday 2026 am 23. und 24. September in der Fiera Milano Rho. Besuchen Sie uns in Halle 8, Stand G14, und entdecken Sie die neuesten L\u00f6sungen f\u00fcr den Gartenmarkt und die private Bew\u00e4sserung.\" \/>\n<meta name=\"robots\" content=\"index, follow, max-snippet:-1, max-image-preview:large, max-video-preview:-1\" \/>\n<link rel=\"canonical\" href=\"https:\/\/www.rain.it\/de\/magazine\/bricoday-2026-rain-kehrt-zur-fiera-milano-zurueck-um-die-welt-des-einzelhandels-zu-treffen\/\" \/>\n<meta property=\"og:locale\" content=\"de_DE\" \/>\n<meta property=\"og:type\" content=\"article\" \/>\n<meta property=\"og:title\" content=\"Bricoday 2026: Rain kehrt zur Fiera Milano zur\u00fcck, um die Welt des Einzelhandels zu treffen | Rain\" \/>\n<meta property=\"og:description\" content=\"Rain erwartet Sie auf der Bricoday 2026 am 23. und 24. September in der Fiera Milano Rho. Besuchen Sie uns in Halle 8, Stand G14, und entdecken Sie die neuesten L\u00f6sungen f\u00fcr den Gartenmarkt und die private Bew\u00e4sserung.\" \/>\n<meta property=\"og:url\" content=\"https:\/\/www.rain.it\/de\/magazine\/bricoday-2026-rain-kehrt-zur-fiera-milano-zurueck-um-die-welt-des-einzelhandels-zu-treffen\/\" \/>\n<meta property=\"og:site_name\" content=\"Rain\" \/>\n<meta property=\"article:modified_time\" content=\"2026-09-02T11:06:05+00:00\" \/>\n<meta property=\"og:image\" content=\"https:\/\/www.rain.it\/wp-content\/uploads\/firma-2026-_BRICODAY.jpg\" \/>\n\t<meta property=\"og:image:width\" content=\"1029\" \/>\n\t<meta property=\"og:image:height\" content=\"160\" \/>\n\t<meta property=\"og:image:type\" content=\"image\/jpeg\" \/>\n<meta name=\"twitter:card\" content=\"summary_large_image\" \/>\n<script type=\"application\/ld+json\" class=\"yoast-schema-graph\">{\"@context\":\"https:\/\/schema.org\",\"@graph\":[{\"@type\":\"WebPage\",\"@id\":\"https:\/\/www.rain.it\/de\/magazine\/bricoday-2026-rain-kehrt-zur-fiera-milano-zurueck-um-die-welt-des-einzelhandels-zu-treffen\/\",\"url\":\"https:\/\/www.rain.it\/de\/magazine\/bricoday-2026-rain-kehrt-zur-fiera-milano-zurueck-um-die-welt-des-einzelhandels-zu-treffen\/\",\"name\":\"Bricoday 2026: Rain kehrt zur Fiera Milano zur\u00fcck, um die Welt des Einzelhandels zu treffen | Rain\",\"isPartOf\":{\"@id\":\"https:\/\/www.rain.it\/de\/#website\"},\"datePublished\":\"2026-09-02T10:50:17+00:00\",\"dateModified\":\"2026-09-02T11:06:05+00:00\",\"description\":\"Rain erwartet Sie auf der Bricoday 2026 am 23. und 24. September in der Fiera Milano Rho. Besuchen Sie uns in Halle 8, Stand G14, und entdecken Sie die neuesten L\u00f6sungen f\u00fcr den Gartenmarkt und die private Bew\u00e4sserung.\",\"breadcrumb\":{\"@id\":\"https:\/\/www.rain.it\/de\/magazine\/bricoday-2026-rain-kehrt-zur-fiera-milano-zurueck-um-die-welt-des-einzelhandels-zu-treffen\/#breadcrumb\"},\"inLanguage\":\"de-DE\",\"potentialAction\":[{\"@type\":\"ReadAction\",\"target\":[\"https:\/\/www.rain.it\/de\/magazine\/bricoday-2026-rain-kehrt-zur-fiera-milano-zurueck-um-die-welt-des-einzelhandels-zu-treffen\/\"]}]},{\"@type\":\"BreadcrumbList\",\"@id\":\"https:\/\/www.rain.it\/de\/magazine\/bricoday-2026-rain-kehrt-zur-fiera-milano-zurueck-um-die-welt-des-einzelhandels-zu-treffen\/#breadcrumb\",\"itemListElement\":[{\"@type\":\"ListItem\",\"position\":1,\"name\":\"Home\",\"item\":\"https:\/\/www.rain.it\/de\/\"},{\"@type\":\"ListItem\",\"position\":2,\"name\":\"News\",\"item\":\"https:\/\/www.rain.it\/de\/magazine\/\"},{\"@type\":\"ListItem\",\"position\":3,\"name\":\"Bricoday 2026: Rain kehrt zur Fiera Milano zur\u00fcck, um die Welt des Einzelhandels zu treffen\"}]},{\"@type\":\"WebSite\",\"@id\":\"https:\/\/www.rain.it\/de\/#website\",\"url\":\"https:\/\/www.rain.it\/de\/\",\"name\":\"Rain\",\"description\":\"\",\"potentialAction\":[{\"@type\":\"SearchAction\",\"target\":{\"@type\":\"EntryPoint\",\"urlTemplate\":\"https:\/\/www.rain.it\/de\/?s={search_term_string}\"},\"query-input\":\"required name=search_term_string\"}],\"inLanguage\":\"de-DE\"}]}<\/script>\n<!-- \/ Yoast SEO plugin. -->","yoast_head_json":{"title":"Bricoday 2026: Rain kehrt zur Fiera Milano zur\u00fcck, um die Welt des Einzelhandels zu treffen | Rain","description":"Rain erwartet Sie auf der Bricoday 2026 am 23. und 24. September in der Fiera Milano Rho. Besuchen Sie uns in Halle 8, Stand G14, und entdecken Sie die neuesten L\u00f6sungen f\u00fcr den Gartenmarkt und die private Bew\u00e4sserung.","robots":{"index":"index","follow":"follow","max-snippet":"max-snippet:-1","max-image-preview":"max-image-preview:large","max-video-preview":"max-video-preview:-1"},"canonical":"https:\/\/www.rain.it\/de\/magazine\/bricoday-2026-rain-kehrt-zur-fiera-milano-zurueck-um-die-welt-des-einzelhandels-zu-treffen\/","og_locale":"de_DE","og_type":"article","og_title":"Bricoday 2026: Rain kehrt zur Fiera Milano zur\u00fcck, um die Welt des Einzelhandels zu treffen | Rain","og_description":"Rain erwartet Sie auf der Bricoday 2026 am 23. und 24. September in der Fiera Milano Rho. Besuchen Sie uns in Halle 8, Stand G14, und entdecken Sie die neuesten L\u00f6sungen f\u00fcr den Gartenmarkt und die private Bew\u00e4sserung.","og_url":"https:\/\/www.rain.it\/de\/magazine\/bricoday-2026-rain-kehrt-zur-fiera-milano-zurueck-um-die-welt-des-einzelhandels-zu-treffen\/","og_site_name":"Rain","article_modified_time":"2026-09-02T11:06:05+00:00","og_image":[{"width":1029,"height":160,"url":"https:\/\/www.rain.it\/wp-content\/uploads\/firma-2026-_BRICODAY.jpg","type":"image\/jpeg"}],"twitter_card":"summary_large_image","schema":{"@context":"https:\/\/schema.org","@graph":[{"@type":"WebPage","@id":"https:\/\/www.rain.it\/de\/magazine\/bricoday-2026-rain-kehrt-zur-fiera-milano-zurueck-um-die-welt-des-einzelhandels-zu-treffen\/","url":"https:\/\/www.rain.it\/de\/magazine\/bricoday-2026-rain-kehrt-zur-fiera-milano-zurueck-um-die-welt-des-einzelhandels-zu-treffen\/","name":"Bricoday 2026: Rain kehrt zur Fiera Milano zur\u00fcck, um die Welt des Einzelhandels zu treffen | Rain","isPartOf":{"@id":"https:\/\/www.rain.it\/de\/#website"},"datePublished":"2026-09-02T10:50:17+00:00","dateModified":"2026-09-02T11:06:05+00:00","description":"Rain erwartet Sie auf der Bricoday 2026 am 23. und 24. September in der Fiera Milano Rho. Besuchen Sie uns in Halle 8, Stand G14, und entdecken Sie die neuesten L\u00f6sungen f\u00fcr den Gartenmarkt und die private Bew\u00e4sserung.","breadcrumb":{"@id":"https:\/\/www.rain.it\/de\/magazine\/bricoday-2026-rain-kehrt-zur-fiera-milano-zurueck-um-die-welt-des-einzelhandels-zu-treffen\/#breadcrumb"},"inLanguage":"de-DE","potentialAction":[{"@type":"ReadAction","target":["https:\/\/www.rain.it\/de\/magazine\/bricoday-2026-rain-kehrt-zur-fiera-milano-zurueck-um-die-welt-des-einzelhandels-zu-treffen\/"]}]},{"@type":"BreadcrumbList","@id":"https:\/\/www.rain.it\/de\/magazine\/bricoday-2026-rain-kehrt-zur-fiera-milano-zurueck-um-die-welt-des-einzelhandels-zu-treffen\/#breadcrumb","itemListElement":[{"@type":"ListItem","position":1,"name":"Home","item":"https:\/\/www.rain.it\/de\/"},{"@type":"ListItem","position":2,"name":"News","item":"https:\/\/www.rain.it\/de\/magazine\/"},{"@type":"ListItem","position":3,"name":"Bricoday 2026: Rain kehrt zur Fiera Milano zur\u00fcck, um die Welt des Einzelhandels zu treffen"}]},{"@type":"WebSite","@id":"https:\/\/www.rain.it\/de\/#website","url":"https:\/\/www.rain.it\/de\/","name":"Rain","description":"","potentialAction":[{"@type":"SearchAction","target":{"@type":"EntryPoint","urlTemplate":"https:\/\/www.rain.it\/de\/?s={search_term_string}"},"query-input":"required name=search_term_string"}],"inLanguage":"de-DE"}]}},"_links":{"self":[{"href":"https:\/\/www.rain.it\/de\/wp-json\/wp\/v2\/magazine\/14402"}],"collection":[{"href":"https:\/\/www.rain.it\/de\/wp-json\/wp\/v2\/magazine"}],"about":[{"href":"https:\/\/www.rain.it\/de\/wp-json\/wp\/v2\/types\/magazine"}],"wp:featuredmedia":[{"embeddable":true,"href":"https:\/\/www.rain.it\/de\/wp-json\/wp\/v2\/media\/14391"}],"wp:attachment":[{"href":"https:\/\/www.rain.it\/de\/wp-json\/wp\/v2\/media?parent=14402"}],"wp:term":[{"taxonomy":"tagmagazine","embeddable":true,"href":"https:\/\/www.rain.it\/de\/wp-json\/wp\/v2\/tagmagazine?post=14402"},{"taxonomy":"catmagazine","embeddable":true,"href":"https:\/\/www.rain.it\/de\/wp-json\/wp\/v2\/catmagazine?post=14402"}],"curies":[{"name":"wp","href":"https:\/\/api.w.org\/{rel}","templated":true}]}}

Bricoday 2026: Rain kehrt zur Fiera Milano zurück, um die Welt des Einzelhandels zu treffen

<p>Rain erwartet Sie auf der Bricoday 2026 am 23. und 24. September in der Fiera Milano Rho. Besuchen Sie uns in Halle 8, Stand G14, und entdecken Sie die neuesten Lösungen für den Gartenmarkt und die private Bewässerung.</p>

<!-- This site is optimized with the Yoast SEO plugin v20.10 - https://yoast.com/wordpress/plugins/seo/ -->
<title>Bricoday 2026: Rain kehrt zur Fiera Milano zurück, um die Welt des Einzelhandels zu treffen | Rain</title>
<meta name="description" content="Rain erwartet Sie auf der Bricoday 2026 am 23. und 24. September in der Fiera Milano Rho. Besuchen Sie uns in Halle 8, Stand G14, und entdecken Sie die neuesten Lösungen für den Gartenmarkt und die private Bewässerung." />
<meta name="robots" content="index, follow, max-snippet:-1, max-image-preview:large, max-video-preview:-1" />
<link rel="canonical" href="https://www.rain.it/de/magazine/bricoday-2026-rain-kehrt-zur-fiera-milano-zurueck-um-die-welt-des-einzelhandels-zu-treffen/" />
<meta property="og:locale" content="de_DE" />
<meta property="og:type" content="article" />
<meta property="og:title" content="Bricoday 2026: Rain kehrt zur Fiera Milano zurück, um die Welt des Einzelhandels zu treffen | Rain" />
<meta property="og:description" content="Rain erwartet Sie auf der Bricoday 2026 am 23. und 24. September in der Fiera Milano Rho. Besuchen Sie uns in Halle 8, Stand G14, und entdecken Sie die neuesten Lösungen für den Gartenmarkt und die private Bewässerung." />
<meta property="og:url" content="https://www.rain.it/de/magazine/bricoday-2026-rain-kehrt-zur-fiera-milano-zurueck-um-die-welt-des-einzelhandels-zu-treffen/" />
<meta property="og:site_name" content="Rain" />
<meta property="article:modified_time" content="2026-09-02T11:06:05+00:00" />
<meta property="og:image" content="https://www.rain.it/wp-content/uploads/firma-2026-_BRICODAY.jpg" />
	<meta property="og:image:width" content="1029" />
	<meta property="og:image:height" content="160" />
	<meta property="og:image:type" content="image/jpeg" />
<meta name="twitter:card" content="summary_large_image" />
<script type="application/ld+json" class="yoast-schema-graph">{"@context":"https://schema.org","@graph":[{"@type":"WebPage","@id":"https://www.rain.it/de/magazine/bricoday-2026-rain-kehrt-zur-fiera-milano-zurueck-um-die-welt-des-einzelhandels-zu-treffen/","url":"https://www.rain.it/de/magazine/bricoday-2026-rain-kehrt-zur-fiera-milano-zurueck-um-die-welt-des-einzelhandels-zu-treffen/","name":"Bricoday 2026: Rain kehrt zur Fiera Milano zurück, um die Welt des Einzelhandels zu treffen | Rain","isPartOf":{"@id":"https://www.rain.it/de/#website"},"datePublished":"2026-09-02T10:50:17+00:00","dateModified":"2026-09-02T11:06:05+00:00","description":"Rain erwartet Sie auf der Bricoday 2026 am 23. und 24. September in der Fiera Milano Rho. Besuchen Sie uns in Halle 8, Stand G14, und entdecken Sie die neuesten Lösungen für den Gartenmarkt und die private Bewässerung.","breadcrumb":{"@id":"https://www.rain.it/de/magazine/bricoday-2026-rain-kehrt-zur-fiera-milano-zurueck-um-die-welt-des-einzelhandels-zu-treffen/#breadcrumb"},"inLanguage":"de-DE","potentialAction":[{"@type":"ReadAction","target":["https://www.rain.it/de/magazine/bricoday-2026-rain-kehrt-zur-fiera-milano-zurueck-um-die-welt-des-einzelhandels-zu-treffen/"]}]},{"@type":"BreadcrumbList","@id":"https://www.rain.it/de/magazine/bricoday-2026-rain-kehrt-zur-fiera-milano-zurueck-um-die-welt-des-einzelhandels-zu-treffen/#breadcrumb","itemListElement":[{"@type":"ListItem","position":1,"name":"Home","item":"https://www.rain.it/de/"},{"@type":"ListItem","position":2,"name":"News","item":"https://www.rain.it/de/magazine/"},{"@type":"ListItem","position":3,"name":"Bricoday 2026: Rain kehrt zur Fiera Milano zurück, um die Welt des Einzelhandels zu treffen"}]},{"@type":"WebSite","@id":"https://www.rain.it/de/#website","url":"https://www.rain.it/de/","name":"Rain","description":"","potentialAction":[{"@type":"SearchAction","target":{"@type":"EntryPoint","urlTemplate":"https://www.rain.it/de/?s={search_term_string}"},"query-input":"required name=search_term_string"}],"inLanguage":"de-DE"}]}</script>
<!-- / Yoast SEO plugin. -->

Bricoday 2026: Rain kehrt zur Fiera Milano zurück, um die Welt des Einzelhandels zu treffen | Rain

Rain erwartet Sie auf der Bricoday 2026 am 23. und 24. September in der Fiera Milano Rho. Besuchen Sie uns in Halle 8, Stand G14, und entdecken Sie die neuesten Lösungen für den Gartenmarkt und die private Bewässerung.
